
2, 79
Let j(i) = 8030*i + 155. List the prime factors of j(7).
5, 11273
Suppose 2*y + 4 = 30. Suppose y*s + 2875 = 9141. List the prime factors of s.
2, 241
Let m(o) = 4*o + 2. Let u be m(0). Suppose -h = u*r - 343, -4*h + r = -h - 1008. What are the prime factors of h?
337
Suppose -2*k = k - 318. Suppose -1881 - 570 = -19*o. Let x = k + o. List the prime factors of x.
5, 47
Suppose -11*x + 141 - 20 = 0. Let v(m) = 5*m + 4. What are the prime factors of v(x)?
59
Suppose 0 = -2*z - 5*v + 17, 3*v = 3*z + v - 16. What are the prime factors of 1/z + 8852/24?
3, 41
Suppose 2*i + i - 4*k = -364, 0 = 4*i + 5*k + 444. Let z = 117 - i. Let t = z + -143. List the prime factors of t.
2, 3, 5
Let a(y) = 6*y**2 + 151*y + 31. Let b be a(-25). Suppose 3*h - 2*h = 118. Suppose b*w - h = 5*w. What are the prime factors of w?
2, 59
Suppose 30237 = 4*h - 3*g, 0 = 15*g - 20*g + 5. What are the prime factors of h?
2, 3, 5, 7
Let n = 38 + -36. Let j(h) = -7*h - 3*h**3 - 3*h - h - h**n + 10*h. What are the prime factors of j(-1)?
3
Suppose 6*n = -4*h + n + 103, 0 = 5*h + 3*n - 119. Suppose 43 = j - h. Let x = 126 - j. What are the prime factors of x?
61
What are the prime factors of 0 - 1 - ((-36)/(-2) + -7 - 61012)?
2, 5, 61
Let j(p) = p**2 + 25*p - 12. Let r be j(-40). What are the prime factors of (-12)/2 + -1 + r?
7, 83
Let s(v) = -v + 3. Let u(c) = -18*c + 10. Let f(g) = -6*s(g) + 2*u(g). List the prime factors of f(-13).
2, 7
Suppose -134*f + 128*f + 36 = 0. Suppose -23*n + 850 = -f*n. What are the prime factors of n?
2, 5
Let p = -36275 + 56492. What are the prime factors of p?
3, 23, 293
Suppose 4*h = -2*r + 4, -4*r + 9 - 1 = -5*h. Suppose 4*u = 4*k - 0*u - 840, h = -k - 3*u + 222. What are the prime factors of k?
3, 71
Let t be (4585/20)/((-3)/(-36)). Suppose 5*a = -4*u + t, 4*a = -4*u + 3310 - 562. List the prime factors of u.
2, 3, 19
Let b = -2376 - -3199. List the prime factors of b.
823
Let g = 2112 - -506. List the prime factors of g.
2, 7, 11, 17
Suppose 2*w + w + 204 = 0. Let g = w + 70. List the prime factors of (-3 + 41 - g - -1)*2.
2, 37
Suppose -4*l + 43049 = 5*o, 4*l + 7436 + 18419 = 3*o. List the prime factors of o.
3, 11, 29
Let w(g) = 201*g**2 + 12*g - 84. List the prime factors of w(6).
2, 3, 7, 43
Suppose 3*o - 6750 = 72*v - 69*v, -6*v + 8980 = 4*o. What are the prime factors of o?
2, 281
Let b = -215 - -214. List the prime factors of (-51)/34*(b + 2 - 285).
2, 3, 71
Let m(r) = 6*r**3 - 9*r**2 + 154*r - 1475. List the prime factors of m(11).
2, 3, 593
List the prime factors of (-16 + (-464)/(-24))*43854/4.
5, 7309
Let h = 92 - 38. Let q = 54 - h. What are the prime factors of q/(-5) + (-80)/(-2) + 1?
41
Let c(l) = -l**3 + 23*l**2 - 3*l + 4. Let r be c(7). Let j = -544 + r. List the prime factors of j.
223
Suppose 0 = -2*w - 4*x + 152814, w = 37*x - 36*x + 76425. List the prime factors of w.
3, 7, 1213
Suppose -5*f = -2*w - 1161, -9*w + 13*w - 681 = -3*f. List the prime factors of 34 + f + (0 - 6).
7, 37
Let k = -2 - -8. Suppose 11 = k*h - 1. What are the prime factors of ((-4262)/(-18) - h/(-9)) + 1?
2, 7, 17
Suppose 9 = 20*s - 11*s. List the prime factors of ((-894)/(-5) - s) + (-169)/(-845).
2, 89
Suppose 2*o = -m + 226, -2*m + 151 + 315 = -3*o. Let r = m + -215. List the prime factors of r.
3, 5
Let j be (-873)/(-25) - (-80)/1000. Let u be 1*(1 + 0) + -3. List the prime factors of 4292/28 + (20/j)/u.
3, 17
Suppose -26*s = -6533 - 565. What are the prime factors of s?
3, 7, 13
Suppose -2*s + 106 + 124 = 0. Suppose -13 - 7 = 4*l, 0 = k - l + s. Let j = k + 203. What are the prime factors of j?
83
Let z be 0/(1 + (1 - 0)). Let k be (226 - -4) + z/(-4). Let l = k - 139. What are the prime factors of l?
7, 13
Let u(w) = -24*w + 75. Let q be u(4). What are the prime factors of 11/(154/3880) + 3/q?
277
What are the prime factors of 516*(98/(-8) - -10)*(-33)/3?
3, 11, 43
Let u(n) = 9547*n + 3214. What are the prime factors of u(7)?
89, 787
Let r(f) = 154*f + 110*f + 42 - 166*f. What are the prime factors of r(4)?
2, 7, 31
Suppose 4*a - 64795 = m - 8469, 4*a + 4*m - 56316 = 0. What are the prime factors of a?
14081
Let x(m) be the first derivative of 26*m**3/3 + 39*m**2 + 17*m - 181. List the prime factors of x(-8).
7, 151
Let n(w) be the second derivative of 1/6*w**4 - 17/2*w**2 - 35*w + 0 - 3/2*w**3. List the prime factors of n(12).
163
Let o(l) = 2*l**2 + 54 - 6*l - 19*l + 13*l. What are the prime factors of o(-14)?
2, 307
Let f = 1239 - 543. Let j = f + -84. Suppose -5*t = -j + 132. List the prime factors of t.
2, 3
Let z(j) = -3*j + 39. Let m(r) = -r**2 - 3*r + 5. Let b(u) = 2*u**2 + 6*u - 9. Let d(c) = -3*b(c) - 5*m(c). Let n be d(-7). What are the prime factors of z(n)?
3, 13
Suppose 0 = -20*f + 468647 + 103253. List the prime factors of f.
5, 7, 19, 43
Suppose -5*g + 98 + 127 = 0. Suppose -12*h = 9 - g. Suppose h*q + 31 - 625 = 0. What are the prime factors of q?
2, 3, 11
Suppose 4*z - 23 = 4*f + 153, 0 = 2*f - 4*z + 86. Let p = f + 47. Suppose p*t = o - 119, 3*t + 303 - 69 = 2*o. What are the prime factors of o?
3, 37
Suppose 358 = -5*b - 327. Let c = 20 - b. Suppose 5*q - 133 = c. What are the prime factors of q?
2, 29
List the prime factors of 675126/(-4)*80/(-360) - 12/(-2).
7, 23, 233
Suppose 2*u + 282 = -5*s, -s = -u - 21 + 76. What are the prime factors of (s/(-21))/((-1)/((-486)/4))?
2, 3
Let x(t) = t**3 + 32*t**2 + 30*t - 24. Let h be x(-31). Let a be -1 + 9 + (-3)/(-3). Suppose -a*s + 90 = -h*s. List the prime factors of s.
3, 5
Let v = -6786 + 9809. What are the prime factors of v?
3023
Let b be 9 - 0*(1 - 0). Suppose b*o = -0*o + 279. Suppose -80 = -3*h + o. What are the prime factors of h?
37
Let m = -329 - -325. What are the prime factors of (-1)/(7035/(-1757) - m)?
251
Suppose u + y - 4*y = 33, 3*u - 64 = 2*y. Let v be (1/(-2))/((u/1820)/(-9)). Suppose z + 2*s = 151, s - 5*s = 3*z - v. List the prime factors of z.
3, 17
Let r(v) = -2*v**2 + v - 5. Let m be r(-5). Let c = 33 + m. Let a = c + 87. List the prime factors of a.
2, 3, 5
Suppose 0 = 4*j - 6 + 2. List the prime factors of 6 - j - (-213 - 9).
227
Let g(y) = y**2 + 23*y + 16. Let x be g(-22). Let m be 4/x - (-20)/12. What are the prime factors of (-33)/(-5)*(m + 2*2)?
3, 11
Let o be (1 - -309) + -47 + 51. Let d = o + -148. List the prime factors of d.
2, 83
Let g(z) = -5 - 19 - 98*z - 21 + 72. List the prime factors of g(-5).
11, 47
Let o = 3214 - -2736. What are the prime factors of o?
2, 5, 7, 17
What are the prime factors of (-2 - -3)*(-1)/(4/(-8952))?
2, 3, 373
What are the prime factors of 54/(-36) + 78639/6?
5, 2621
Suppose 51*z = 43*z + 40. Suppose z*r = 8071 - 1186. List the prime factors of r.
3, 17
Let c(b) = 3*b**2 + 272*b - 7267. What are the prime factors of c(31)?
2, 11, 23
Suppose 8*v - 444 = 6540. Let h = -22 + v. What are the prime factors of h?
23, 37
What are the prime factors of (-1 + -119)*636/(-10)?
2, 3, 53
Suppose -118944 = -1696*m + 1672*m. What are the prime factors of m?
2, 3, 7, 59
Let v(s) = s**3 + 165*s**2 + 158*s + 1638. What are the prime factors of v(-164)?
2, 3, 19, 23
Let a = 19 - 20. Let i(z) be the first derivative of -35*z**4/2 - z**3/3 - z**2/2 - z - 157. List the prime factors of i(a).
3, 23
Let f = -19435 + 40027. List the prime factors of f.
2, 3, 11, 13
Suppose 5*t = 5*v + 25, -4*v - 9 - 1 = t. Suppose t*p = -2*p + 244. Suppose 0 = 4*d + 1 - p. List the prime factors of d.
3, 5
Suppose 53*n - 603535 = -42*n. What are the prime factors of n?
6353
Let j(k) = 26*k**2 - 9*k**2 - 229*k**3 + 230*k**3 - 24 + 6*k. List the prime factors of j(-7).
2, 53
Suppose -376686 = -36*k + 148482. List the prime factors of k.
2, 7, 521
Suppose 3*t - 5*s + 3 = 0, -11 = -3*t + t - s. Suppose 38 = -14*y - t. List the prime factors of -1 + y*905/(-15).
2, 3, 5
Suppose 0 = a + 3*b - 2301, 3*a + 2*b - 4*b = 6936. Suppose 0 = 8*f + 2*f - a. What are the prime factors of f?
3, 7, 11
What are the prime factors of (3 + -2364)*40/70*357/(-9)?
2, 17, 787
Let d be 33/9 - (3 + 14/(-6)). Suppose -5*m + 12 = -d*r, 0 = 3*m + 8*r - 3*r + 20. Suppose -7*o - 183 + 876 = m. What are the prime factors of o?
3, 11
Let b(g) = -2692*g - 9078. What are the prime factors of b(-28)?
2, 33149
Let w = 69356 + -48309. What are the prime factors of w?
13, 1619
Let l = 